{"id":26,"date":"2025-08-23T17:18:03","date_gmt":"2025-08-23T22:18:03","guid":{"rendered":"https:\/\/zviaje.com\/blog\/?page_id=26"},"modified":"2026-03-30T19:43:11","modified_gmt":"2026-03-31T00:43:11","slug":"blog","status":"publish","type":"page","link":"https:\/\/zviaje.com\/blog\/","title":{"rendered":"Blog"},"content":{"rendered":"\t\t<div data-elementor-type=\"wp-page\" data-elementor-id=\"26\" class=\"elementor elementor-26\">\n\t\t\t\t<div class=\"elementor-element elementor-element-af918b4 e-flex e-con-boxed e-con e-parent\" data-id=\"af918b4\" data-element_type=\"container\" data-e-type=\"container\" data-settings=\"{&quot;background_background&quot;:&quot;gradient&quot;,&quot;shape_divider_bottom&quot;:&quot;clouds&quot;,&quot;shape_divider_bottom_negative&quot;:&quot;yes&quot;}\">\n\t\t\t\t\t<div class=\"e-con-inner\">\n\t\t\t\t<div class=\"elementor-shape elementor-shape-bottom\" aria-hidden=\"true\" data-negative=\"true\">\n\t\t\t<svg xmlns=\"http:\/\/www.w3.org\/2000\/svg\" viewBox=\"0 0 283.5 27.8\" preserveAspectRatio=\"xMidYMax slice\">\n\t<path class=\"elementor-shape-fill\" d=\"M265.8 3.5c-10.9 0-15.9 6.2-15.9 6.2s-3.6-3.5-9.2-.9c-9.1 4.1-4.4 13.4-4.4 13.4s-1.2.2-1.9.9c-.6.7-.5 1.9-.5 1.9s-1-.5-2.3-.2c-1.3.3-1.6 1.4-1.6 1.4s.4-3.4-1.5-5c-3.9-3.4-8.3-.2-8.3-.2s-.6-.7-.9-.9c-.4-.2-1.2-.2-1.2-.2s-4.4-3.6-11.5-2.6-10.4 7.9-10.4 7.9-.5-3.3-3.9-4.9c-4.8-2.4-7.4 0-7.4 0s2.4-4.1-1.9-6.4-6.2 1.2-6.2 1.2-.9-.5-2.1-.5-2.3 1.1-2.3 1.1.1-.7-1.1-1.1c-1.2-.4-2 0-2 0s3.6-6.8-3.5-8.9c-6-1.8-7.9 2.6-8.4 4-.1-.3-.4-.7-.9-1.1-1-.7-1.3-.5-1.3-.5s1-4-1.7-5.2c-2.7-1.2-4.2 1.1-4.2 1.1s-3.1-1-5.7 1.4-2.1 5.5-2.1 5.5-.9 0-2.1.7-1.4 1.7-1.4 1.7-1.7-1.2-4.3-1.2c-2.6 0-4.5 1.2-4.5 1.2s-.7-1.5-2.8-2.4c-2.1-.9-4 0-4 0s2.6-5.9-4.7-9c-7.3-3.1-12.6 3.3-12.6 3.3s-.9 0-1.9.2c-.9.2-1.5.9-1.5.9S99.4 3 94.9 3.9c-4.5.9-5.7 5.7-5.7 5.7s-2.8-5-12.3-3.9-11.1 6-11.1 6-1.2-1.4-4-.7c-.8.2-1.3.5-1.8.9-.9-2.1-2.7-4.9-6.2-4.4-3.2.4-4 2.2-4 2.2s-.5-.7-1.2-.7h-1.4s-.5-.9-1.7-1.4-2.4 0-2.4 0-2.4-1.2-4.7 0-3.1 4.1-3.1 4.1-1.7-1.4-3.6-.7c-1.9.7-1.9 2.8-1.9 2.8s-.5-.5-1.7-.2c-1.2.2-1.4.7-1.4.7s-.7-2.3-2.8-2.8c-2.1-.5-4.3.2-4.3.2s-1.7-5-11.1-6c-3.8-.4-6.6.2-8.5 1v21.2h283.5V11.1c-.9.2-1.6.4-1.6.4s-5.2-8-16.1-8z\"\/>\n<\/svg>\n\t\t<\/div>\n\t\t\t\t<div class=\"elementor-element elementor-element-cbc86f3 elementor-widget elementor-widget-heading\" data-id=\"cbc86f3\" data-element_type=\"widget\" data-e-type=\"widget\" data-widget_type=\"heading.default\">\n\t\t\t\t\t<h2 class=\"elementor-heading-title elementor-size-default\">Tours Metro Chanchamayo<\/h2>\t\t\t\t<\/div>\n\t\t<div class=\"elementor-element elementor-element-f3a14d2 e-con-full e-flex e-con e-child\" data-id=\"f3a14d2\" data-element_type=\"container\" data-e-type=\"container\">\n\t\t\t\t<div class=\"elementor-element elementor-element-83051b7 elementor-widget elementor-widget-heading\" data-id=\"83051b7\" data-element_type=\"widget\" data-e-type=\"widget\" data-widget_type=\"heading.default\">\n\t\t\t\t\t<p class=\"elementor-heading-title elementor-size-default\">Bienvenido a nuestro blog<\/p>\t\t\t\t<\/div>\n\t\t\t\t<\/div>\n\t\t\t\t\t<\/div>\n\t\t\t\t<\/div>\n\t\t<div class=\"elementor-element elementor-element-e7cd1f5 e-flex e-con-boxed e-con e-parent\" data-id=\"e7cd1f5\" data-element_type=\"container\" data-e-type=\"container\">\n\t\t\t\t\t<div class=\"e-con-inner\">\n\t\t\t\t<div class=\"elementor-element elementor-element-9efab29 elementor-widget elementor-widget-heading\" data-id=\"9efab29\" data-element_type=\"widget\" data-e-type=\"widget\" data-widget_type=\"heading.default\">\n\t\t\t\t\t<p class=\"elementor-heading-title elementor-size-default\"><a href=\"https:\/\/zviaje.com\/Paquetes\/tours-en-la-selva-central\/\" target=\"_blank\">Clic aqu\u00ed para ver los Tours que realizamos en la Selva Central<\/a><\/p>\t\t\t\t<\/div>\n\t\t\t\t\t<\/div>\n\t\t\t\t<\/div>\n\t\t<div class=\"elementor-element elementor-element-c2efe9a e-flex e-con-boxed e-con e-parent\" data-id=\"c2efe9a\" data-element_type=\"container\" data-e-type=\"container\" data-settings=\"{&quot;background_background&quot;:&quot;classic&quot;}\">\n\t\t\t\t\t<div class=\"e-con-inner\">\n\t\t\t\t<div class=\"elementor-element elementor-element-65c215f elementor-grid-eael-col-3 elementor-grid-tablet-eael-col-2 elementor-grid-mobile-eael-col-1 elementor-widget elementor-widget-eael-post-grid\" data-id=\"65c215f\" data-element_type=\"widget\" data-e-type=\"widget\" data-settings=\"{&quot;eael_post_grid_columns&quot;:&quot;eael-col-3&quot;,&quot;eael_post_grid_columns_tablet&quot;:&quot;eael-col-2&quot;,&quot;eael_post_grid_columns_mobile&quot;:&quot;eael-col-1&quot;}\" data-widget_type=\"eael-post-grid.default\">\n\t\t\t\t\t<div id=\"eael-post-grid-65c215f\" class=\"eael-post-grid-container\">\n            <div class=\"eael-post-grid eael-post-appender eael-post-appender-65c215f eael-post-grid-style-one\" data-layout-mode=\"grid\"><article class=\"eael-grid-post  eael-post-grid-column eael-pg-post-703 category-novedades\" data-id=\"703\">\n        <div class=\"eael-grid-post-holder\">\n            <div class=\"eael-grid-post-holder-inner\"><div class=\"eael-entry-media\"><div class=\"eael-entry-overlay fade-in\"><i class=\"fas fa-long-arrow-alt-right\" aria-hidden=\"true\"><\/i><a href=\"https:\/\/zviaje.com\/blog\/novedades\/como-reservar-un-paquete-escolar-para-la-selva-central-guia-paso-a-paso\/\"><\/a><\/div><div class=\"eael-entry-thumbnail eael-image-ratio\">\n                <img fetchpriority=\"high\" decoding=\"async\" width=\"300\" height=\"300\" src=\"https:\/\/zviaje.com\/blog\/wp-content\/uploads\/2026\/04\/Escolares-en-Comunidad-Nativa-Ashaninka.-En-la-Selva-Central.jpg\" class=\"attachment-medium size-medium wp-image-704\" alt=\"Tours Metro Chanchamayo. Escolaraes compartiendo cultura con los Nativos Ash\u00e1nincas, en la Selva Central.\" srcset=\"https:\/\/zviaje.com\/blog\/wp-content\/uploads\/2026\/04\/Escolares-en-Comunidad-Nativa-Ashaninka.-En-la-Selva-Central.jpg 300w, https:\/\/zviaje.com\/blog\/wp-content\/uploads\/2026\/04\/Escolares-en-Comunidad-Nativa-Ashaninka.-En-la-Selva-Central-150x150.jpg 150w\" sizes=\"(max-width: 300px) 100vw, 300px\" \/>\n            <\/div>\n        <\/div><div class=\"eael-entry-wrapper\"><header class=\"eael-entry-header\"><h2 class=\"eael-entry-title\"><a class=\"eael-grid-post-link\" href=\"https:\/\/zviaje.com\/blog\/novedades\/como-reservar-un-paquete-escolar-para-la-selva-central-guia-paso-a-paso\/\" title=\"C\u00f3mo reservar un paquete escolar para la Selva Central: Gu\u00eda paso a paso\">C\u00f3mo reservar un paquete escolar para la Selva Central: Gu\u00eda paso a paso<\/a><\/h2><\/header><div class=\"eael-entry-content\">\n                        <div class=\"eael-grid-post-excerpt\"><p>\u00bfSab\u00edas que la mayor\u00eda de las escuelas cometen un mismo error al organizar su viaje...<\/p><a href=\"https:\/\/zviaje.com\/blog\/novedades\/como-reservar-un-paquete-escolar-para-la-selva-central-guia-paso-a-paso\/\" class=\"eael-post-elements-readmore-btn\">Leer m\u00e1s<\/a><\/div>\n                    <\/div><\/div><\/div>\n        <\/div>\n    <\/article><article class=\"eael-grid-post  eael-post-grid-column eael-pg-post-604 category-destinos-viajes\" data-id=\"604\">\n        <div class=\"eael-grid-post-holder\">\n            <div class=\"eael-grid-post-holder-inner\"><div class=\"eael-entry-media\"><div class=\"eael-entry-overlay fade-in\"><i class=\"fas fa-long-arrow-alt-right\" aria-hidden=\"true\"><\/i><a href=\"https:\/\/zviaje.com\/blog\/viajes\/lugares-para-conocer-de-satipo\/\"><\/a><\/div><div class=\"eael-entry-thumbnail eael-image-ratio\">\n                <img decoding=\"async\" width=\"300\" height=\"300\" src=\"https:\/\/zviaje.com\/blog\/wp-content\/uploads\/2026\/01\/Provincia-Satipo-Selva-Central-Region-Junin-Peru-300x300.jpg\" class=\"attachment-medium size-medium wp-image-635\" alt=\"TOURS METRO CHANCHAMAYO. Provincia Satipo (Selva Central), Regi\u00f3n Jun\u00edn, Per\u00fa.\" srcset=\"https:\/\/zviaje.com\/blog\/wp-content\/uploads\/2026\/01\/Provincia-Satipo-Selva-Central-Region-Junin-Peru-300x300.jpg 300w, https:\/\/zviaje.com\/blog\/wp-content\/uploads\/2026\/01\/Provincia-Satipo-Selva-Central-Region-Junin-Peru-150x150.jpg 150w, https:\/\/zviaje.com\/blog\/wp-content\/uploads\/2026\/01\/Provincia-Satipo-Selva-Central-Region-Junin-Peru.jpg 570w\" sizes=\"(max-width: 300px) 100vw, 300px\" \/>\n            <\/div>\n        <\/div><div class=\"eael-entry-wrapper\"><header class=\"eael-entry-header\"><h2 class=\"eael-entry-title\"><a class=\"eael-grid-post-link\" href=\"https:\/\/zviaje.com\/blog\/viajes\/lugares-para-conocer-de-satipo\/\" title=\"Lugares para conocer de Satipo\">Lugares para conocer de Satipo<\/a><\/h2><\/header><div class=\"eael-entry-content\">\n                        <div class=\"eael-grid-post-excerpt\"><p>Tours Metro Chanchamayo. Zona de viajes en toda la selva central de Per\u00fa.<\/p><a href=\"https:\/\/zviaje.com\/blog\/viajes\/lugares-para-conocer-de-satipo\/\" class=\"eael-post-elements-readmore-btn\">Leer m\u00e1s<\/a><\/div>\n                    <\/div><\/div><\/div>\n        <\/div>\n    <\/article><article class=\"eael-grid-post  eael-post-grid-column eael-pg-post-360 category-reserva-viajes\" data-id=\"360\">\n        <div class=\"eael-grid-post-holder\">\n            <div class=\"eael-grid-post-holder-inner\"><div class=\"eael-entry-media\"><div class=\"eael-entry-overlay fade-in\"><i class=\"fas fa-long-arrow-alt-right\" aria-hidden=\"true\"><\/i><a href=\"https:\/\/zviaje.com\/blog\/viajes\/paquetes-turisticos-a-la-selva-del-peru-como-reservar-tu-aventura-en-la-selva-central-paso-a-paso\/\"><\/a><\/div><div class=\"eael-entry-thumbnail eael-image-ratio\">\n                <img decoding=\"async\" width=\"300\" height=\"200\" src=\"https:\/\/zviaje.com\/blog\/wp-content\/uploads\/2025\/11\/Aventura-en-la-Selva-Central-300x200.jpg\" class=\"attachment-medium size-medium wp-image-375\" alt=\"Foto Tours Metro Chanchamayo\" srcset=\"https:\/\/zviaje.com\/blog\/wp-content\/uploads\/2025\/11\/Aventura-en-la-Selva-Central-300x200.jpg 300w, https:\/\/zviaje.com\/blog\/wp-content\/uploads\/2025\/11\/Aventura-en-la-Selva-Central.jpg 454w\" sizes=\"(max-width: 300px) 100vw, 300px\" \/>\n            <\/div>\n        <\/div><div class=\"eael-entry-wrapper\"><header class=\"eael-entry-header\"><h2 class=\"eael-entry-title\"><a class=\"eael-grid-post-link\" href=\"https:\/\/zviaje.com\/blog\/viajes\/paquetes-turisticos-a-la-selva-del-peru-como-reservar-tu-aventura-en-la-selva-central-paso-a-paso\/\" title=\"Paquetes tur\u00edsticos a la selva del Per\u00fa: C\u00f3mo reservar tu aventura en la Selva Central paso a paso\">Paquetes tur\u00edsticos a la selva del Per\u00fa: C\u00f3mo reservar tu aventura en la Selva Central paso a paso<\/a><\/h2><\/header><div class=\"eael-entry-content\">\n                        <div class=\"eael-grid-post-excerpt\"><p>\u00bfAlguna vez has imaginado despertar con el canto de las aves, respirar aire puro y...<\/p><a href=\"https:\/\/zviaje.com\/blog\/viajes\/paquetes-turisticos-a-la-selva-del-peru-como-reservar-tu-aventura-en-la-selva-central-paso-a-paso\/\" class=\"eael-post-elements-readmore-btn\">Leer m\u00e1s<\/a><\/div>\n                    <\/div><\/div><\/div>\n        <\/div>\n    <\/article><article class=\"eael-grid-post  eael-post-grid-column eael-pg-post-29 category-destinos-viajes\" data-id=\"29\">\n        <div class=\"eael-grid-post-holder\">\n            <div class=\"eael-grid-post-holder-inner\"><div class=\"eael-entry-media\"><div class=\"eael-entry-overlay fade-in\"><i class=\"fas fa-long-arrow-alt-right\" aria-hidden=\"true\"><\/i><a href=\"https:\/\/zviaje.com\/blog\/viajes\/selva-central-peru-lugares-turisticos\/\"><\/a><\/div><div class=\"eael-entry-thumbnail eael-image-ratio\">\n                <img loading=\"lazy\" decoding=\"async\" width=\"300\" height=\"300\" src=\"https:\/\/zviaje.com\/blog\/wp-content\/uploads\/2025\/08\/Valle-de-Chanchamayo.jpg\" class=\"attachment-medium size-medium wp-image-268\" alt=\"Foto: Tours Metro Chanchamayo. Valle de Chanchamayo.\" srcset=\"https:\/\/zviaje.com\/blog\/wp-content\/uploads\/2025\/08\/Valle-de-Chanchamayo.jpg 300w, https:\/\/zviaje.com\/blog\/wp-content\/uploads\/2025\/08\/Valle-de-Chanchamayo-150x150.jpg 150w\" sizes=\"(max-width: 300px) 100vw, 300px\" \/>\n            <\/div>\n        <\/div><div class=\"eael-entry-wrapper\"><header class=\"eael-entry-header\"><h2 class=\"eael-entry-title\"><a class=\"eael-grid-post-link\" href=\"https:\/\/zviaje.com\/blog\/viajes\/selva-central-peru-lugares-turisticos\/\" title=\"Selva Central Per\u00fa lugares tur\u00edsticos\">Selva Central Per\u00fa lugares tur\u00edsticos<\/a><\/h2><\/header><div class=\"eael-entry-content\">\n                        <div class=\"eael-grid-post-excerpt\"><p>Descubre la Selva Central del Per\u00fa, un refugio de la naturaleza, aventura y tranquilidad. En...<\/p><a href=\"https:\/\/zviaje.com\/blog\/viajes\/selva-central-peru-lugares-turisticos\/\" class=\"eael-post-elements-readmore-btn\">Leer m\u00e1s<\/a><\/div>\n                    <\/div><\/div><\/div>\n        <\/div>\n    <\/article><\/div>\n            <div class=\"clearfix\"><\/div>\n        <\/div>\t\t\t\t<\/div>\n\t\t\t\t\t<\/div>\n\t\t\t\t<\/div>\n\t\t\t\t<\/div>\n\t\t","protected":false},"excerpt":{"rendered":"<p>Tours Metro Chanchamayo Bienvenido a nuestro blog Clic aqu\u00ed para ver los Tours que realizamos en la Selva Central Lugares [&hellip;]<\/p>\n","protected":false},"author":1,"featured_media":508,"parent":0,"menu_order":0,"comment_status":"closed","ping_status":"closed","template":"elementor_header_footer","meta":{"site-sidebar-layout":"no-sidebar","site-content-layout":"","ast-site-content-layout":"full-width-container","site-content-style":"default","site-sidebar-style":"default","ast-global-header-display":"","ast-banner-title-visibility":"","ast-main-header-display":"","ast-hfb-above-header-display":"","ast-hfb-below-header-display":"","ast-hfb-mobile-header-display":"","site-post-title":"","ast-breadcrumbs-content":"","ast-featured-img":"","footer-sml-layout":"","ast-disable-related-posts":"","theme-transparent-header-meta":"","adv-header-id-meta":"","stick-header-meta":"","header-above-stick-meta":"","header-main-stick-meta":"","header-below-stick-meta":"","astra-migrate-meta-layouts":"default","ast-page-background-enabled":"default","ast-page-background-meta":{"desktop":{"background-color":"var(--ast-global-color-5)","background-image":"","background-repeat":"repeat","background-position":"center center","background-size":"auto","background-attachment":"scroll","background-type":"","background-media":"","overlay-type":"","overlay-color":"","overlay-opacity":"","overlay-gradient":""},"tablet":{"background-color":"","background-image":"","background-repeat":"repeat","background-position":"center center","background-size":"auto","background-attachment":"scroll","background-type":"","background-media":"","overlay-type":"","overlay-color":"","overlay-opacity":"","overlay-gradient":""},"mobile":{"background-color":"","background-image":"","background-repeat":"repeat","background-position":"center center","background-size":"auto","background-attachment":"scroll","background-type":"","background-media":"","overlay-type":"","overlay-color":"","overlay-opacity":"","overlay-gradient":""}},"ast-content-background-meta":{"desktop":{"background-color":"var(--ast-global-color-4)","background-image":"","background-repeat":"repeat","background-position":"center center","background-size":"auto","background-attachment":"scroll","background-type":"","background-media":"","overlay-type":"","overlay-color":"","overlay-opacity":"","overlay-gradient":""},"tablet":{"background-color":"var(--ast-global-color-4)","background-image":"","background-repeat":"repeat","background-position":"center center","background-size":"auto","background-attachment":"scroll","background-type":"","background-media":"","overlay-type":"","overlay-color":"","overlay-opacity":"","overlay-gradient":""},"mobile":{"background-color":"var(--ast-global-color-4)","background-image":"","background-repeat":"repeat","background-position":"center center","background-size":"auto","background-attachment":"scroll","background-type":"","background-media":"","overlay-type":"","overlay-color":"","overlay-opacity":"","overlay-gradient":""}},"footnotes":""},"class_list":["post-26","page","type-page","status-publish","has-post-thumbnail","hentry"],"yoast_head":"<!-- This site is optimized with the Yoast SEO plugin v27.4 - https:\/\/yoast.com\/product\/yoast-seo-wordpress\/ -->\n<title>Blog : Blog zona viaje<\/title>\n<meta name=\"description\" content=\"El blog: Agencia de viajes Tours Metro Chanchamayo, los contenidos ser\u00e1 sobre turismo de la Selva Central. Regi\u00f3n Jun\u00edn y Regi\u00f3n Pasco. Per\u00fa.\" \/>\n<meta name=\"robots\" content=\"index, follow, max-snippet:-1, max-image-preview:large, max-video-preview:-1\" \/>\n<link rel=\"canonical\" href=\"https:\/\/zviaje.com\/blog\/\" \/>\n<meta property=\"og:locale\" content=\"es_ES\" \/>\n<meta property=\"og:type\" content=\"article\" \/>\n<meta property=\"og:title\" content=\"Blog : Blog zona viaje\" \/>\n<meta property=\"og:description\" content=\"El blog: Agencia de viajes Tours Metro Chanchamayo, los contenidos ser\u00e1 sobre turismo de la Selva Central. Regi\u00f3n Jun\u00edn y Regi\u00f3n Pasco. Per\u00fa.\" \/>\n<meta property=\"og:url\" content=\"https:\/\/zviaje.com\/blog\/\" \/>\n<meta property=\"og:site_name\" content=\"Blog zona viaje\" \/>\n<meta property=\"article:publisher\" content=\"https:\/\/web.facebook.com\/toursmetrochanchamayo\/\" \/>\n<meta property=\"article:modified_time\" content=\"2026-03-31T00:43:11+00:00\" \/>\n<meta property=\"og:image\" content=\"https:\/\/zviaje.com\/blog\/wp-content\/uploads\/2025\/11\/cropped-Logo-Tours-Metro-Chanchamayo.png\" \/>\n\t<meta property=\"og:image:width\" content=\"512\" \/>\n\t<meta property=\"og:image:height\" content=\"512\" \/>\n\t<meta property=\"og:image:type\" content=\"image\/png\" \/>\n<meta name=\"twitter:card\" content=\"summary_large_image\" \/>\n<meta name=\"twitter:label1\" content=\"Tiempo de lectura\" \/>\n\t<meta name=\"twitter:data1\" content=\"2 minutos\" \/>\n<script type=\"application\/ld+json\" class=\"yoast-schema-graph\">{\"@context\":\"https:\\\/\\\/schema.org\",\"@graph\":[{\"@type\":\"WebPage\",\"@id\":\"https:\\\/\\\/zviaje.com\\\/blog\\\/\",\"url\":\"https:\\\/\\\/zviaje.com\\\/blog\\\/\",\"name\":\"Blog : Blog zona viaje\",\"isPartOf\":{\"@id\":\"https:\\\/\\\/zviaje.com\\\/blog\\\/#website\"},\"primaryImageOfPage\":{\"@id\":\"https:\\\/\\\/zviaje.com\\\/blog\\\/#primaryimage\"},\"image\":{\"@id\":\"https:\\\/\\\/zviaje.com\\\/blog\\\/#primaryimage\"},\"thumbnailUrl\":\"https:\\\/\\\/zviaje.com\\\/blog\\\/wp-content\\\/uploads\\\/2025\\\/11\\\/cropped-Logo-Tours-Metro-Chanchamayo.png\",\"datePublished\":\"2025-08-23T22:18:03+00:00\",\"dateModified\":\"2026-03-31T00:43:11+00:00\",\"description\":\"El blog: Agencia de viajes Tours Metro Chanchamayo, los contenidos ser\u00e1 sobre turismo de la Selva Central. Regi\u00f3n Jun\u00edn y Regi\u00f3n Pasco. Per\u00fa.\",\"breadcrumb\":{\"@id\":\"https:\\\/\\\/zviaje.com\\\/blog\\\/#breadcrumb\"},\"inLanguage\":\"es\",\"potentialAction\":[{\"@type\":\"ReadAction\",\"target\":[\"https:\\\/\\\/zviaje.com\\\/blog\\\/\"]}]},{\"@type\":\"ImageObject\",\"inLanguage\":\"es\",\"@id\":\"https:\\\/\\\/zviaje.com\\\/blog\\\/#primaryimage\",\"url\":\"https:\\\/\\\/zviaje.com\\\/blog\\\/wp-content\\\/uploads\\\/2025\\\/11\\\/cropped-Logo-Tours-Metro-Chanchamayo.png\",\"contentUrl\":\"https:\\\/\\\/zviaje.com\\\/blog\\\/wp-content\\\/uploads\\\/2025\\\/11\\\/cropped-Logo-Tours-Metro-Chanchamayo.png\",\"width\":512,\"height\":512,\"caption\":\"Logo Tours Metro Chanchamayo\"},{\"@type\":\"BreadcrumbList\",\"@id\":\"https:\\\/\\\/zviaje.com\\\/blog\\\/#breadcrumb\",\"itemListElement\":[{\"@type\":\"ListItem\",\"position\":1,\"name\":\"Portada\",\"item\":\"https:\\\/\\\/zviaje.com\\\/blog\\\/\"},{\"@type\":\"ListItem\",\"position\":2,\"name\":\"Blog\"}]},{\"@type\":\"WebSite\",\"@id\":\"https:\\\/\\\/zviaje.com\\\/blog\\\/#website\",\"url\":\"https:\\\/\\\/zviaje.com\\\/blog\\\/\",\"name\":\"Blog zona viaje\",\"description\":\"Agencia tur\u00edstica en toda la selva central de Per\u00fa\",\"publisher\":{\"@id\":\"https:\\\/\\\/zviaje.com\\\/blog\\\/#organization\"},\"potentialAction\":[{\"@type\":\"SearchAction\",\"target\":{\"@type\":\"EntryPoint\",\"urlTemplate\":\"https:\\\/\\\/zviaje.com\\\/blog\\\/?s={search_term_string}\"},\"query-input\":{\"@type\":\"PropertyValueSpecification\",\"valueRequired\":true,\"valueName\":\"search_term_string\"}}],\"inLanguage\":\"es\"},{\"@type\":\"Organization\",\"@id\":\"https:\\\/\\\/zviaje.com\\\/blog\\\/#organization\",\"name\":\"Tours Metro Chanchamayo\",\"url\":\"https:\\\/\\\/zviaje.com\\\/blog\\\/\",\"logo\":{\"@type\":\"ImageObject\",\"inLanguage\":\"es\",\"@id\":\"https:\\\/\\\/zviaje.com\\\/blog\\\/#\\\/schema\\\/logo\\\/image\\\/\",\"url\":\"https:\\\/\\\/zviaje.com\\\/blog\\\/wp-content\\\/uploads\\\/2025\\\/09\\\/Logo-Tours-Metro-Chanchamayo.png\",\"contentUrl\":\"https:\\\/\\\/zviaje.com\\\/blog\\\/wp-content\\\/uploads\\\/2025\\\/09\\\/Logo-Tours-Metro-Chanchamayo.png\",\"width\":512,\"height\":512,\"caption\":\"Tours Metro Chanchamayo\"},\"image\":{\"@id\":\"https:\\\/\\\/zviaje.com\\\/blog\\\/#\\\/schema\\\/logo\\\/image\\\/\"},\"sameAs\":[\"https:\\\/\\\/web.facebook.com\\\/toursmetrochanchamayo\\\/\"]}]}<\/script>\n<!-- \/ Yoast SEO plugin. -->","yoast_head_json":{"title":"Blog : Blog zona viaje","description":"El blog: Agencia de viajes Tours Metro Chanchamayo, los contenidos ser\u00e1 sobre turismo de la Selva Central. Regi\u00f3n Jun\u00edn y Regi\u00f3n Pasco. Per\u00fa.","robots":{"index":"index","follow":"follow","max-snippet":"max-snippet:-1","max-image-preview":"max-image-preview:large","max-video-preview":"max-video-preview:-1"},"canonical":"https:\/\/zviaje.com\/blog\/","og_locale":"es_ES","og_type":"article","og_title":"Blog : Blog zona viaje","og_description":"El blog: Agencia de viajes Tours Metro Chanchamayo, los contenidos ser\u00e1 sobre turismo de la Selva Central. Regi\u00f3n Jun\u00edn y Regi\u00f3n Pasco. Per\u00fa.","og_url":"https:\/\/zviaje.com\/blog\/","og_site_name":"Blog zona viaje","article_publisher":"https:\/\/web.facebook.com\/toursmetrochanchamayo\/","article_modified_time":"2026-03-31T00:43:11+00:00","og_image":[{"width":512,"height":512,"url":"https:\/\/zviaje.com\/blog\/wp-content\/uploads\/2025\/11\/cropped-Logo-Tours-Metro-Chanchamayo.png","type":"image\/png"}],"twitter_card":"summary_large_image","twitter_misc":{"Tiempo de lectura":"2 minutos"},"schema":{"@context":"https:\/\/schema.org","@graph":[{"@type":"WebPage","@id":"https:\/\/zviaje.com\/blog\/","url":"https:\/\/zviaje.com\/blog\/","name":"Blog : Blog zona viaje","isPartOf":{"@id":"https:\/\/zviaje.com\/blog\/#website"},"primaryImageOfPage":{"@id":"https:\/\/zviaje.com\/blog\/#primaryimage"},"image":{"@id":"https:\/\/zviaje.com\/blog\/#primaryimage"},"thumbnailUrl":"https:\/\/zviaje.com\/blog\/wp-content\/uploads\/2025\/11\/cropped-Logo-Tours-Metro-Chanchamayo.png","datePublished":"2025-08-23T22:18:03+00:00","dateModified":"2026-03-31T00:43:11+00:00","description":"El blog: Agencia de viajes Tours Metro Chanchamayo, los contenidos ser\u00e1 sobre turismo de la Selva Central. Regi\u00f3n Jun\u00edn y Regi\u00f3n Pasco. Per\u00fa.","breadcrumb":{"@id":"https:\/\/zviaje.com\/blog\/#breadcrumb"},"inLanguage":"es","potentialAction":[{"@type":"ReadAction","target":["https:\/\/zviaje.com\/blog\/"]}]},{"@type":"ImageObject","inLanguage":"es","@id":"https:\/\/zviaje.com\/blog\/#primaryimage","url":"https:\/\/zviaje.com\/blog\/wp-content\/uploads\/2025\/11\/cropped-Logo-Tours-Metro-Chanchamayo.png","contentUrl":"https:\/\/zviaje.com\/blog\/wp-content\/uploads\/2025\/11\/cropped-Logo-Tours-Metro-Chanchamayo.png","width":512,"height":512,"caption":"Logo Tours Metro Chanchamayo"},{"@type":"BreadcrumbList","@id":"https:\/\/zviaje.com\/blog\/#breadcrumb","itemListElement":[{"@type":"ListItem","position":1,"name":"Portada","item":"https:\/\/zviaje.com\/blog\/"},{"@type":"ListItem","position":2,"name":"Blog"}]},{"@type":"WebSite","@id":"https:\/\/zviaje.com\/blog\/#website","url":"https:\/\/zviaje.com\/blog\/","name":"Blog zona viaje","description":"Agencia tur\u00edstica en toda la selva central de Per\u00fa","publisher":{"@id":"https:\/\/zviaje.com\/blog\/#organization"},"potentialAction":[{"@type":"SearchAction","target":{"@type":"EntryPoint","urlTemplate":"https:\/\/zviaje.com\/blog\/?s={search_term_string}"},"query-input":{"@type":"PropertyValueSpecification","valueRequired":true,"valueName":"search_term_string"}}],"inLanguage":"es"},{"@type":"Organization","@id":"https:\/\/zviaje.com\/blog\/#organization","name":"Tours Metro Chanchamayo","url":"https:\/\/zviaje.com\/blog\/","logo":{"@type":"ImageObject","inLanguage":"es","@id":"https:\/\/zviaje.com\/blog\/#\/schema\/logo\/image\/","url":"https:\/\/zviaje.com\/blog\/wp-content\/uploads\/2025\/09\/Logo-Tours-Metro-Chanchamayo.png","contentUrl":"https:\/\/zviaje.com\/blog\/wp-content\/uploads\/2025\/09\/Logo-Tours-Metro-Chanchamayo.png","width":512,"height":512,"caption":"Tours Metro Chanchamayo"},"image":{"@id":"https:\/\/zviaje.com\/blog\/#\/schema\/logo\/image\/"},"sameAs":["https:\/\/web.facebook.com\/toursmetrochanchamayo\/"]}]}},"_links":{"self":[{"href":"https:\/\/zviaje.com\/blog\/wp-json\/wp\/v2\/pages\/26","targetHints":{"allow":["GET"]}}],"collection":[{"href":"https:\/\/zviaje.com\/blog\/wp-json\/wp\/v2\/pages"}],"about":[{"href":"https:\/\/zviaje.com\/blog\/wp-json\/wp\/v2\/types\/page"}],"author":[{"embeddable":true,"href":"https:\/\/zviaje.com\/blog\/wp-json\/wp\/v2\/users\/1"}],"replies":[{"embeddable":true,"href":"https:\/\/zviaje.com\/blog\/wp-json\/wp\/v2\/comments?post=26"}],"version-history":[{"count":6,"href":"https:\/\/zviaje.com\/blog\/wp-json\/wp\/v2\/pages\/26\/revisions"}],"predecessor-version":[{"id":699,"href":"https:\/\/zviaje.com\/blog\/wp-json\/wp\/v2\/pages\/26\/revisions\/699"}],"wp:featuredmedia":[{"embeddable":true,"href":"https:\/\/zviaje.com\/blog\/wp-json\/wp\/v2\/media\/508"}],"wp:attachment":[{"href":"https:\/\/zviaje.com\/blog\/wp-json\/wp\/v2\/media?parent=26"}],"curies":[{"name":"wp","href":"https:\/\/api.w.org\/{rel}","templated":true}]}}